Let f = 10236 + -10235. Let k(x) = x**3 + x + 1. Let p(t) = 12*t**3 - t**2 - 5*t - 7. Let a(b) = 6*k(b) + p(b). Determine a(f).
17
Let w(h) = 4*h - 8. Let v(q) = 2*q. Let a(s) = 3*v(s) - w(s). What is a(-9)?
-10
Let n(k) = -223*k**3 + 21*k**2 + 3*k + 12. Let c(a) = 74*a**3 - a**2 - 7*a + 1. Let w(l) = 3*c(l) + n(l). Let i = 12 + 5. What is w(i)?
-2
Let v(o) = -2 - 3 - 1 + 5 + 336*o - 337*o. Give v(17).
-18
Suppose 0 = 7*k - 4*k + 3. Let i(w) be the first derivative of 34*w**3/3 + w + 1865. Give i(k).
35
Suppose 221 = 14*m - 59. Let i(t) = -16*t - 8*t + 39*t - m*t. What is i(-6)?
30
Let h(q) = 2*q**2 - 3*q + 3. Let o(d) be the second derivative of d**5/20 + 5*d**4/4 + 5*d**3/3 - 27*d**2 - 2*d + 45. Let x be o(-14). Give h(x).
5
Let z(k) be the first derivative of -3*k**2/2 + 2*k - 164. Let v(q) = 11*q - 5. Let r(l) = 2*v(l) + 6*z(l). Calculate r(-2).
-6
Suppose -5*s - t + 56 = 0, 22*t + 40 = 4*s + 18*t. Let w(v) = -13*v. Let c(f) = -24*f. Let m(g) = s*w(g) - 6*c(g). Give m(-6).
-6
Let f be 1102/(-190) + -1 + (-18)/(-10). Let g(c) = 2*c - 5. Let s(n) = 3*n - 9. Let b(l) = f*g(l) + 3*s(l). Calculate b(-3).
1
Let v(y) = -3*y + 7. Let p = 121 - 129. Let b be (11 + -7)*10/p. Give v(b).
22
Let g(s) = 2*s**2 - 6*s + 15. Let y be g(3). Suppose 0 = -3*q - y + 6. Let v be (-4 - (-3 + (q - 4)))*-1. Let c(p) = -p**3 - 5*p**2 + 4*p + 8. What is c(v)?
20
Let a be ((-2)/8)/((-456)/192) + (-80)/38. Let z(n) = n**3 + n**2 - 21*n - 47. Determine z(a).
-9
Let f(u) = -u**3 - 5*u**2 + 2. Let l = -108 - -113. Suppose 2*v = -3*x - 5, l*v + 2*x = 4*v - 5. Let c be ((-10)/4)/(v/10). What is f(c)?
2
Let r(h) = 9 + 9 + 5 - 8*h - 26. Let o(q) = -3*q - 1. Let x(y) = 3*o(y) - r(y). Suppose 3*m - 18 = 4*z - 0*m, -z - 4*m = -5. Calculate x(z).
3
Let t(o) = -35*o**2 + 2*o - 4. Let k be t(2). Let y = 140 + k. Let p(q) = -q**3 - q + 22. Determine p(y).
22
Let j(w) = 2*w**3 - 2*w**2 + 24*w - 8. Let n(x) = 5*x**3 - 8*x**2 + 55*x - 24. Let k(v) = -8*j(v) + 3*n(v). Determine k(-6).
82
Let i be (-97)/(-12) + 12/18 - 24/(-96). Let u(m) = m**2 - 10*m + 29. Determine u(i).
20
Let v(s) be the first derivative of -4*s**2 - 27*s - 8256. Give v(-7).
29
Suppose -7*y + 5*y = 2. Let f be y/((-4)/(5 - -3)). Let q(d) be the first derivative of -d**3/3 + d**2 + d - 555. Determine q(f).
1
Suppose 5*l = 3*k - 128, -6*l + 20*k - 126 = 21*k. Let d(h) = -h**3 - 23*h**2 - 20*h + 49. Determine d(l).
5
Let n(g) = -7*g**2 - 5*g - 11. Let t be (1 - 6/4)/((-1)/10). Let j(s) = -11*s**2 - 8*s - 17. Let m(h) = t*j(h) - 8*n(h). Calculate m(-3).
12
Let k(q) = 2*q**2 + 23*q - 10. Let m(z) = -2*z**2 - 6*z + 2. Let d(l) = -k(l) - 3*m(l). Determine d(1).
3
Let j(k) = -14 + 17*k**2 + k**3 - 66*k - 51*k**2 + 153*k - 53*k - 69*k. Determine j(35).
-14
Let s(x) be the first derivative of -x**4/2 - x**3/3 + 3*x**2/2 + 4*x + 8929. Calculate s(-3).
40
Let i(v) = v + 3. Let q be i(5). Suppose -5*h + q = -2. Suppose 4*t - 4*n = 8, h*t - 16 = 3*t + 5*n. Let l(o) = -o + 1. Give l(t).
2
Let x(u) = -u**3 + 1 + 379*u**2 - u - 379*u**2. Let b(l) = -6*l**3 - 10*l**2 - 14*l + 14. Let y(o) = b(o) - 5*x(o). Let r = 304 + -313. Give y(r).
9
Let z(p) = -p**3 - 3*p**2 + 5*p + 9. Let b(l) = -l**3 + 2*l**2 + 3*l - 1. Let u(c) = 2*b(c) - z(c). Let g = -1 - -8. Give u(g).
-4
Let b(c) = -7*c - 6*c + 6*c - 3821 + 3808. Calculate b(2).
-27
Suppose -10*g + 7*g - 309 = 3*o, -4*o = -4*g + 396. Let q = -93 - o. Let h(w) = -w**3 + 7*w**2 + 10*w - 10. Determine h(q).
6
Let i be 15 - (-21 - -22 - 20). Let z(m) = m**3 - 33*m**2 - 33*m - 48. Determine z(i).
-14
Let m(z) = -7*z**2 + 11*z - 8. Let c be m(1). Let j(x) = -34*x - 145. Give j(c).
-9
Let i(u) = -2*u**2 + u - 1. Let y = 150 + -136. Let o(b) = -2*b**3 + 4*b**2 - 3*b. Let n be o(3). Let m be 2/36*y - 6/n. Determine i(m).
-2
Let g be (4 - 12*6/18)/(-2). Let y be (0 - (1 + g))/(24/(-120)). Let h(q) = -q + 1. Determine h(y).
-4
Let u(c) = -3 + 443*c - 442*c + 7. Suppose 4*b - 23 = -3. Suppose b*j = -5*d - 70, d + 2 = j + 8. Calculate u(j).
-6
Let n(m) = 6 + 72*m - 5 - 73*m + 12 + 0. What is n(9)?
4
Let w be (-108)/7 - 230/(-161). Let d(g) = g**3 + 16*g**2 + 29*g + 12. Calculate d(w).
-2
Let n(y) = 40*y - 1. Let c(d) = d**3 - 8*d**2 - 9*d - 1. Let q be c(9). Let p be n(q). Let x = p - -44. Let v(z) = -z + 1. What is v(x)?
-2
Let y be ((-4)/3)/((-4)/36). Let q(s) = -283 + 3*s**2 + 516 + 23*s - 257 - 2*s**2 - 33*s. Calculate q(y).
0
Let u(l) = 8*l + 79. Let p(h) = -10*h - 84. Let g(x) = -5*p(x) - 6*u(x). Calculate g(23).
-8
Let h = 5592 + -5573. Let c(s) = 3*s - 13. Calculate c(h).
44
Let s(h) = -14*h**3 + 15*h**3 + 13*h**2 + 9 - 24*h**2 - 13*h. Let k be s(12). Let f(o) = -o**3 - 5*o**2 - 3*o + 4. What is f(k)?
-5
Let l(m) = 73*m**2 + 2*m. Let i(o) = -40*o**2 - o. Let w(c) = -5*i(c) - 2*l(c). Calculate w(1).
55
Let q(v) = v**3 - v**2 - v + 1. Let s(r) = -r**3 + 5*r**3 - 83*r - 7*r**2 - 81*r - 2 + 161*r. Let x(p) = -3*q(p) + s(p). Determine x(4).
-5
Let x(l) = l**2 + 2*l + 7. Let j be x(0). Suppose -5*k = -3 - j. Let b(p) = -113 + 115 + p**3 + 4*p**k - 2*p**3. Calculate b(3).
11
Let v be (-68)/(-2)*(7 + (-28)/(-7)). Suppose -72 = 382*f - v*f. Let z(b) = -b**3 - 9*b**2 + b + 3. Determine z(f).
-6
Let r(a) be the second derivative of -4/3*a**3 + 0 + 14*a + 1/12*a**4 + 1/2*a**2. Let t(s) = -2*s + 28. Let c be t(11). What is r(c)?
-11
Suppose -4*t - 2*x + 54 - 38 = 0, -4*x = -5*t + 7. Let g(l) = l**3 - 2*l**2 - 5*l - 1. Calculate g(t).
-7
Let k(h) be the first derivative of h**4/4 - h**3/3 - h**2 + 10*h + 587. What is k(0)?
10
Let h(y) = y**2 - 11*y + 3. Let t(r) = -r**2 + 10*r - 2. Let q(b) = 6*h(b) + 7*t(b). Let k = 135 + -75. Suppose -k + 68 = 2*n. Calculate q(n).
4
Let v(s) = s**3 - 6*s**2 - 7*s - 7. Let y be 2/((-18)/(-33)) - 4/6. Let q be (7 - 12/y) + -4 + 3. Let h be 3/1 + (6 - q). Calculate v(h).
-7
Let m = 335 + -197. Suppose 25 = 143*h - m*h. Let f be (-3)/(-2) - h/2. Let o(a) = -3*a**3 - 2*a**2 + 1. Calculate o(f).
2
Let t(p) be the first derivative of p**2/2 + 15*p - 12. Let l be t(-13). Let g(h) = 44*h - 4. Let i(k) = 11*k - 1. Let b(a) = l*g(a) - 9*i(a). What is b(1)?
-10
Let p(h) = 8*h - 14 + 22*h**2 - 8*h - h + 13. Let r(a) = 2*a**2 - 39*a - 64. Let i be r(21). Give p(i).
22
Suppose -58*j + 251 = 425. Let q(n) = 7*n**2 - 4*n - 7. Determine q(j).
68
Let g(v) = -34*v + 110*v - 81 - 30*v - 37*v. Calculate g(10).
9
Let w(a) be the first derivative of -6*a**2 - 63*a + 533. Let m(k) = 4*k + 24. Let o(p) = 8*m(p) + 3*w(p). Let l(g) = 5*g. Let j be l(1). Determine o(j).
-17
Let p(g) = -5*g**3 + 10*g**2 + g + 3. Let h(t) = -14*t**3 + 30*t**2 + t + 8. Let n(m) = 4*h(m) - 11*p(m). Let w = -77 - -86. Determine n(w).
17
Let f(v) be the third derivative of v**7/2520 + v**6/72 - 3*v**5/40 + 79*v**4/12 + 59*v**2 + 2*v. Let w(r) be the second derivative of f(r). Calculate w(-11).
2
Suppose -2*j = -4, 6*j - 8*j = -3*k + 11. Let b(w) = 2*w - 40. Calculate b(k).
-30
Let b(y) = -8*y - 75. Let t be b(-9). Let f(o) = o - 4. Let a(m) = -m**2 + 3*m - 12. Let l(i) = t*a(i) + 8*f(i). Give l(3).
28
Let t(a) = -a**2 - 9*a + 16. Let z(g) = 74*g**2 - 4*g + 4. Let x be z(-2). Let s = x + -319. Give t(s).
-6
Let u(s) = -s**2 - 7*s + 2. Suppose t - 116 = -100. Suppose 0*a + 4*a + t = -3*z, -5*z - a - 38 = 0. Give u(z).
-6
Let s(t) = t**2 + 6*t - 6. Suppose -22*c = -24*c. Let n be (c - 1)/((4/(-10))/(-2)). What is s(n)?
-11
Let w be (2 - 4)*118/4. Let q be -183*(-6 - 330/(-54))*3. Let n = w - q. Let c(v) = v**3 - 2*v**2 + 2*v - 1. Determine c(n).
3
Let b(q) = 5*q**3 + 21*q + 56*q - 102*q + 1 + 23*q. Calculate b(2).
37
Let g(b) = 3*b**3 + 4*b**2 - 2*b - 27. Let p(u) = -2*u**3 + u + 10. Let q(f) = -g(f) - 2*p(f). Calculate q(3).
-2
Let i(w) be the first derivative of w - 14/3*w**3 + 0*w**2 - 76 + 1/4*w**4. Calculate i(14).
1
Let g(q) = -q**2 - 3*q + 3. Suppose -3*f - 1035 = 5*s, 4*f + 402 - 1402 = 5*s. Let h = s + 206. What is g(h)?
-7
Let r(h) = -4*h - 1. Let b(z) = -12*z - 8. Let p be b(-2). Suppose p*i = 10*i + 216. Suppose 3*n - 3*m = -0*n, -4*n - 5*m = -i. Determine r(n).
-17
Let h(v) be the first derivative of -v**5/60 - v**4/4 - v**3/2 + 2*v**2 + 1. Let t(m) be the second derivative of h(m). Let o = -673 - -666. What is t(o)?
-10
Let u(v) = -64*v**3 + 188*v**2 + 6*v + 1. Let g be u(3). Let d(z) = -z**3 - 15*z**2 + 32